5
Let g be 0 + 486 - (-102)/(-34). Let f = g + -472. Let q(s) = -s**3 + 10*s**2 + 10*s + 4. Calculate q(f).
-7
Let l(x) = -2*x**2 - 143 + 4*x + 4*x**2 + 144. Let g(a) = 5*a**2 + 9*a + 2. Let f(w) = -4*g(w) + 9*l(w). Suppose -4*v + 8 = -0. What is f(v)?
-7
Let w(q) be the second derivative of 5*q**3/3 + 153*q**2/2 + 691*q + 1. Determine w(-15).
3
Let b(k) = -k - 6. Let x = -12 - -8. Let i be x + (-2)/(-3) + 7/3. Let y = -6 - i. Determine b(y).
-1
Let z(i) = -3*i + 6*i + 3*i + 0 + 24 - 2*i**2. Determine z(9).
-84
Let x(b) = 3*b - 1. Let t = 580 - 874. Let g be 4/(-7) - (-1596)/t. Calculate x(g).
-19
Let r(w) = -w**2 + 21*w + 2. Let f be r(21). Let q be ((-6)/4)/(f - 31/14). Suppose 4*a - 9 = q. Let n(v) = 5*v - 2. Determine n(a).
18
Suppose 3*h = 5*h - 12. Let z(v) = -85*v + 0 + 89*v + h. Suppose -11*u + 26 = -5*n - 8*u, u - 22 = 5*n. Calculate z(n).
-10
Let q(j) = -52 + 107 - 68 - 5*j - 5. What is q(-15)?
57
Let q(v) = 24 + 3*v - 20*v**2 - 58 + 32 + 19*v**2. Let m be (-2)/((-5)/((-135)/6)). Let n = m + 15. Give q(n).
-20
Let f(a) = a**3 - 7*a**2 - 2*a + 9. Suppose 3*v + 116 = -4*g - 125, -g = 5*v + 56. Let w = g + 68. Let y be f(w). Let o(r) = r + 9. Calculate o(y).
4
Let z(x) = 31*x**2 - 5425 - 9*x**2 + 5421 + 2*x - 7*x**2 - 2*x**3 - 7*x**2. Give z(5).
-44
Suppose 0 = -5*f + 4*w + 162 - 45, 5*f - 3*w = 119. Suppose t + 4*v = 4*t + f, t = 2*v - 9. Let i(y) = 59*y - 121*y + 61*y - 2. Calculate i(t).
5
Let z(o) = o**3 + 15*o**2 - 2*o + 11. Let y be z(0). Let u(v) = -v**3 + 11*v**2 - 3*v + 27. Determine u(y).
-6
Let h(u) = 3*u - 6. Let b(z) = -137*z - 40. Let v be b(-5). Let r = v + -648. Give h(r).
-15
Let q(j) = 5*j - 11. Suppose 0 = 5*a - 5*s + 35 + 115, -3*s = -12. Let y be -15*(-4 + a/(-6)) + 15. Calculate q(y).
39
Let p(r) = r**2 - 5*r + 2. Let m be p(5). Let t be 22/99 + (-4982)/(-18). Let w(c) = -1 + 2*c - 3*c**3 + t*c**2 - 277*c**2 + 2*c**3. Determine w(m).
-5
Let l(p) = -p**3 + 19*p**2 - p + 13. Suppose 0 = 2*o + 5*h - 43, 3*h + 3 = 6. Calculate l(o).
-6
Let t(j) be the third derivative of j**5/30 - j**4/24 + 48*j**2. Let z(o) = -4*o**2 + 4*o - 1. Let n(k) = -3*t(k) - z(k). What is n(2)?
-9
Suppose 5*l - 210 = a, 2*a - 3*l = a - 210. Let o = 207 + a. Let r(x) = -x**3 - 3*x**2 - 3*x - 1. What is r(o)?
8
Let l(r) = 18*r + 50. Let q(h) = -32*h - 101. Let v(t) = -11*l(t) - 6*q(t). Give v(10).
-4
Let t(p) be the third derivative of p**5/60 + p**4/6 - p**3 - 100*p**2 - 2*p. Let n be (86/(-18) - 1) + (-50)/225. Give t(n).
6
Let d(c) = -c**3 + 13*c**2 - c + 11. Let a(i) = 20*i - 147. Let b be a(8). Give d(b).
-2
Let p = 474 - 471. Let g(h) = -8*h - 2. Let z be (-6)/(-4) - 2/(-4). Let d(x) = 8*x + 3. Let o(n) = p*g(n) + z*d(n). Give o(2).
-16
Let p = -20882 + 20883. Let o(t) = -14*t**2 - 4*t + 3. Give o(p).
-15
Let g(k) be the third derivative of 0*k + 0 - 1/12*k**4 + 13/6*k**3 + 235*k**2. Suppose p - 2*z = 3*p - 22, -6 = -3*z. Calculate g(p).
-5
Let n(p) be the second derivative of 2/3*p**3 - 17/2*p**2 + 0 + 148*p. Determine n(6).
7
Let b = 7166 - 7170. Let t(w) = -5*w + 7. What is t(b)?
27
Let z(w) be the second derivative of w**3 - 40*w**2 + 2362*w. Determine z(7).
-38
Let g(f) = 2028*f - 2025*f - 4*f**2 + 259 - 262. Give g(-2).
-25
Let t = 97 + -92. Suppose h - 1 = t*r, -2*r + 3*h = -3*r + 3. Suppose r = j + m - 0 - 1, -j = 3*m + 7. Let n(q) = q**2 - 7*q + 4. What is n(j)?
-6
Let j = -539/3 + 2159/12. Let d(w) be the third derivative of 1/60*w**5 + 0 + 2/3*w**3 + 0*w - j*w**4 + 18*w**2. Determine d(4).
-4
Let y(o) = -2*o - 1. Let l(r) = -40*r + 7*r + 28*r. Let z(h) = -3*l(h) + 6*y(h). What is z(5)?
9
Suppose -29*g = -16*g - 1157. Let d(s) = 26 + s**2 + 54*s + s**2 + 46*s - 3*s**2 - g*s. Determine d(13).
0
Suppose 16*v = -s + 13*v + 8, -2*s - 28 = -5*v. Let z(k) = -k**3 - 5*k**2 - 8*k + 8. Determine z(s).
24
Let f = 33152 - 33161. Let m(y) = 10*y**2 - 9 - 4*y**2 + 2*y**2 - 9*y + y**3. Give m(f).
-9
Let a = -2005 - -2011. Let v(n) = n**3 - 7*n**2 + 7*n - 17. What is v(a)?
-11
Suppose 19*t - 25*t + 12 = 0. Let y(b) be the first derivative of -3/2*b**2 + b - 5 + 2/3*b**3. Calculate y(t).
3
Let w(y) = -186*y - 245. Let r(m) = 117*m + 163. Let j(l) = -8*r(l) - 5*w(l). What is j(-15)?
11
Suppose 0*o + 3*o = 12. Let b be (4/5)/(o/10). Let t(f) be the second derivative of -f**3/6 + f**2 - 4*f - 1. Give t(b).
0
Let x(w) = 2*w - 7. Suppose -3*q = -5*t - 23, 0 = -2*q + 7*q - 5*t - 25. Let v be (-46 - -35)*(-1)/q. Give x(v).
15
Let h(p) = -p**2 + 5*p - 3. Let x(s) be the first derivative of -34 + s**3 + 1/2*s**2 + 2*s. Let k be x(-1). Calculate h(k).
1
Let l(r) = -4*r - 4. Let c(d) = -3*d - 7. Let w(g) = -3*g - 6. Let i(h) = 4*c(h) - 5*w(h). Let x(v) = -8*i(v) - 5*l(v). Determine x(2).
-4
Let u(p) be the third derivative of -p**6/24 + p**5/60 + p**4/12 + p**3/6 + 43*p**2. Let t(g) = 110*g + 329. Let r be t(-3). Determine u(r).
5
Suppose -89*o - 100 = -39*o. Let m(z) = 2*z**3 + 3*z**2 - 3*z - 2. Determine m(o).
0
Let s(f) = -7*f + 1. Let b(t) = -t - 23. Let o be b(-11). Let a(v) = -v**3 - 11*v**2 + 14*v + 28. Let c be a(o). Suppose -13 = -9*l - c. Determine s(l).
-6
Let g(u) = 5*u**2 - 15*u - 2. Suppose 2*w + 3*b = -3, 80*w + b - 12 = 75*w. What is g(w)?
-2
Let k = 707 + -273. Let t = k - 441. Let c(l) = -2*l - 16. Determine c(t).
-2
Let u be 204/(-28) + (-2)/(-7). Let j be 5/(-1) - (-4 + -1 + u). Let m(p) = -p**2 + 8*p - 8. What is m(j)?
-1
Let f(w) be the first derivative of w**2/2 + 15. Let o be f(-3). Let m(q) = q. Let b be m(o). Let j(d) = d**2 + 4*d + 2. Determine j(b).
-1
Let l(g) = -5*g - 23 + 31*g**2 - 67*g**2 + 35*g**2 - 13*g. Suppose 0 = 5*x - 4*q + 3*q + 87, q - 2 = 0. Let j be l(x). Let f(y) = -y**2 - 5*y - 8. Give f(j).
-14
Suppose 6 - 12 = -2*l. Let p(u) = 9194*u + 5 + 2 + 7*u**2 - 9202*u + u**l. Calculate p(-8).
7
Let k(j) = -59 + 171 - 56 + j - 49. Let a = 8 - 15. What is k(a)?
0
Let b(v) = 7*v + 45. Let z(y) = -4*y - 2. Let i be z(-1). Suppose 2*p + 13 = x, -i*p + 2*x + 37 = 49. Calculate b(p).
-4
Let v(j) = -2*j**3 - 12*j**2 + 17*j + 15. Let c be (-45)/60 + 92/16 - 12. What is v(c)?
-6
Let z = 54 + -57. Suppose 4*h + 8 = s - 2, h = s - 4. Let w(n) = -6*n**2 + 3 + 0 - n**3 + 2*n**2 + n**s. Determine w(z).
3
Suppose 20 = 5*n, 2*b + 0 - 14 = -2*n. Let u be (4/(-12))/(1/b). Let m(f) = -f**2 + 10*f. Let y(z) = z + 1. Let l(v) = u*m(v) + 4*y(v). Calculate l(5).
-1
Let a(s) = -s**3 + 6*s**2 + 9*s + 6. Let k = 32 + 23. Let y = k - 48. Give a(y).
20
Suppose -4358 = -4*n + 2*v, 0*v - 5*v = n - 1073. Suppose 2*p = -2*p + n. Let a(b) = -p*b**3 - 4 + 270*b**3 + 2*b**2 + 5. Give a(-2).
25
Let i be ((-9)/(-2) + -2)*728/(-182). Let g(l) = -4*l + 8. Calculate g(i).
48
Let p(m) = -2*m**3 - 28*m**2 + 145*m + 26. Let r be p(-18). Let t(c) = -c**3 + 8*c**2 - 4*c + 11. Determine t(r).
-21
Let k(r) = -r**2 - 8*r - 1. Let d(m) = m**2 + 26*m - 8. Let s be d(-22). Let t be ((-4)/(-8))/((-3)/s*-2). Calculate k(t).
-1
Let u(w) = w**3 + 4*w**2 - 5*w - 2. Suppose -5*j + 80 = -2*y, -j - y - 6 = -15. Let k be -3 + ((-723)/(-27) - (-2)/9). Suppose 2*m + k - j = 0. Determine u(m).
-2
Let c(w) = -w**3 + 25*w**2 - 20*w - 87. Let k be c(24). Let j(s) be the first derivative of s**4/4 - 10*s**3/3 + 7*s**2/2 + s - 2. Determine j(k).
-17
Let l(m) = -m**2 - 8*m - 6. Suppose 4*q - u = -3*u + 34, q = -5*u + 13. Let o be (12/(-15))/(8*q/640). Give l(o).
-6
Suppose 12 = -19*x + 23*x. Let s(z) = 3*z**3 - 8*z**2 + 9 + x*z**2 - 3*z**2 - 4*z - 4*z**3. What is s(-7)?
-12
Suppose -5*t - 8 = -t. Let k(r) be the first derivative of -r**4/12 + r**3/3 - 18*r**2 + 77. Let z(u) be the second derivative of k(u). Give z(t).
6
Let r(d) be the second derivative of 13*d**3/6 + 101*d**2/2 + 11*d - 76. What is r(-8)?
-3
Suppose 6*g + 3*d = -75, 2*g + 133*d + 45 = 136*d. Let u(a) = -27*a - 416. Calculate u(g).
-11
Let g(i) = -6*i + 4*i + i - 3. Suppose -4*s - 64 = 40. Let z = 19 + s. Calculate g(z).
4
Let j = -32782 - -32781. Let o(f) = -49*f**3 + 2*f**2 + 2*f + 1. Determine o(j).
50
Let u be (22/(-4))/1*(-11 + 22 + -13). Let i(r) = 8*r - 83. Calculate i(u).
5
Let h(a) be the first derivative of a**7/840 - a**6/45 + a**5/20 + 7*a**4/24 - 4*a**3/3 - 3*a**2 + 75. Let y(r) be the third derivative of h(r). Determine y(7).
0
Let l(j) = 42*j - 16. Let f(p) = 39*p - 13. Let m(k) = -7*f(k) + 6*l(k). Supp